{"id":1358,"date":"2016-11-17T21:24:49","date_gmt":"2016-11-17T21:24:49","guid":{"rendered":"http:\/\/ucanbalondunyasi.com\/?page_id=1358"},"modified":"2016-12-10T01:14:58","modified_gmt":"2016-12-10T01:14:58","slug":"nisan-kina-ve-dugun-organizasyonu","status":"publish","type":"page","link":"https:\/\/ucanbalondunyasi.com\/index.php\/nisan-kina-ve-dugun-organizasyonu\/","title":{"rendered":"Ni\u015fan, K\u0131na Organizasyon"},"content":{"rendered":"<div class='avia-gallery avia-gallery-1 avia_lazyload avia_animate_when_visible '  itemscope=\"itemscope\" itemtype=\"https:\/\/schema.org\/ImageObject\" ><div class='avia-gallery-thumb'> <a href='https:\/\/ucanbalondunyasi.com\/wp-content\/uploads\/2016\/11\/IMG_0916-881x1030.jpg' data-rel='gallery-1' data-prev-img='https:\/\/ucanbalondunyasi.com\/wp-content\/uploads\/2016\/11\/IMG_0916-495x400.jpg' class='first_thumb lightbox ' data-onclick='1' title='Mor pembe K\u0131na gazobo'  itemprop=\"contentURL\" ><img data-avia-tooltip='Mor pembe K\u0131na gazobo' src='https:\/\/ucanbalondunyasi.com\/wp-content\/uploads\/2016\/11\/IMG_0916-495x400.jpg' width='495' height='400'  title='img_0916' alt='' \/><\/a> <a href='https:\/\/ucanbalondunyasi.com\/wp-content\/uploads\/2016\/11\/IMG_0793.jpg' data-rel='gallery-1' data-prev-img='https:\/\/ucanbalondunyasi.com\/wp-content\/uploads\/2016\/11\/IMG_0793-495x400.jpg' class='lightbox ' data-onclick='2' title=''  itemprop=\"contentURL\" ><img  src='https:\/\/ucanbalondunyasi.com\/wp-content\/uploads\/2016\/11\/IMG_0793-495x400.jpg' width='495' height='400'  title='img_0793' alt='' \/><\/a> <a href='https:\/\/ucanbalondunyasi.com\/wp-content\/uploads\/2016\/11\/IMG_0917-1030x991.jpg' data-rel='gallery-1' data-prev-img='https:\/\/ucanbalondunyasi.com\/wp-content\/uploads\/2016\/11\/IMG_0917-495x400.jpg' class='lightbox ' data-onclick='3' title='K\u0131na osmanl\u0131 taht\u0131'  itemprop=\"contentURL\" ><img data-avia-tooltip='K\u0131na osmanl\u0131 taht\u0131' src='https:\/\/ucanbalondunyasi.com\/wp-content\/uploads\/2016\/11\/IMG_0917-495x400.jpg' width='495' height='400'  title='img_0917' alt='' \/><\/a> <a href='https:\/\/ucanbalondunyasi.com\/wp-content\/uploads\/2016\/11\/IMG_0913-738x1030.jpg' data-rel='gallery-1' data-prev-img='https:\/\/ucanbalondunyasi.com\/wp-content\/uploads\/2016\/11\/IMG_0913-495x400.jpg' class='lightbox ' data-onclick='4' title='K\u0131na gazebo3'  itemprop=\"contentURL\" ><img data-avia-tooltip='K\u0131na gazebo3' src='https:\/\/ucanbalondunyasi.com\/wp-content\/uploads\/2016\/11\/IMG_0913-495x400.jpg' width='495' height='400'  title='img_0913' alt='' \/><\/a> <a href='https:\/\/ucanbalondunyasi.com\/wp-content\/uploads\/2016\/11\/IMG_0914-741x1030.jpg' data-rel='gallery-1' data-prev-img='https:\/\/ucanbalondunyasi.com\/wp-content\/uploads\/2016\/11\/IMG_0914-495x400.jpg' class='lightbox ' data-onclick='5' title='Rengarenk K\u0131na gazobo'  itemprop=\"contentURL\" ><img data-avia-tooltip='Rengarenk K\u0131na gazobo' src='https:\/\/ucanbalondunyasi.com\/wp-content\/uploads\/2016\/11\/IMG_0914-495x400.jpg' width='495' height='400'  title='img_0914' alt='' \/><\/a> <a href='https:\/\/ucanbalondunyasi.com\/wp-content\/uploads\/2016\/11\/IMG_0236-e1478380397975.jpg' data-rel='gallery-1' data-prev-img='https:\/\/ucanbalondunyasi.com\/wp-content\/uploads\/2016\/11\/IMG_0236-495x400.jpg' class='lightbox ' data-onclick='6' title='K\u0131na gazebo2'  itemprop=\"contentURL\" ><img data-avia-tooltip='K\u0131na gazebo2' src='https:\/\/ucanbalondunyasi.com\/wp-content\/uploads\/2016\/11\/IMG_0236-495x400.jpg' width='495' height='400'  title='img_0236' alt='' \/><\/a> <a href='https:\/\/ucanbalondunyasi.com\/wp-content\/uploads\/2016\/11\/IMG_0237.jpg' data-rel='gallery-1' data-prev-img='https:\/\/ucanbalondunyasi.com\/wp-content\/uploads\/2016\/11\/IMG_0237-495x400.jpg' class='lightbox ' data-onclick='7' title='K\u0131na gazebo tam konsept'  itemprop=\"contentURL\" ><img data-avia-tooltip='K\u0131na gazebo tam konsept' src='https:\/\/ucanbalondunyasi.com\/wp-content\/uploads\/2016\/11\/IMG_0237-495x400.jpg' width='495' height='400'  title='img_0237' alt='' \/><\/a> <a href='https:\/\/ucanbalondunyasi.com\/wp-content\/uploads\/2016\/11\/a-526-1030x773.jpg' data-rel='gallery-1' data-prev-img='https:\/\/ucanbalondunyasi.com\/wp-content\/uploads\/2016\/11\/a-526-495x400.jpg' class='lightbox ' data-onclick='8' title=''  itemprop=\"contentURL\" ><img  src='https:\/\/ucanbalondunyasi.com\/wp-content\/uploads\/2016\/11\/a-526-495x400.jpg' width='495' height='400'  title='a-526' alt='' \/><\/a> <a href='https:\/\/ucanbalondunyasi.com\/wp-content\/uploads\/2016\/11\/a-406-579x1030.jpg' data-rel='gallery-1' data-prev-img='https:\/\/ucanbalondunyasi.com\/wp-content\/uploads\/2016\/11\/a-406-495x400.jpg' class='lightbox ' data-onclick='9' title=''  itemprop=\"contentURL\" ><img  src='https:\/\/ucanbalondunyasi.com\/wp-content\/uploads\/2016\/11\/a-406-495x400.jpg' width='495' height='400'  title='a-406' alt='' \/><\/a><\/div><\/div>\n<div class=\"pvc_clear\"><\/div>\n<p id=\"pvc_stats_1358\" class=\"pvc_stats all  \" data-element-id=\"1358\" style=\"\"><i class=\"pvc-stats-icon medium\" aria-hidden=\"true\"><svg aria-hidden=\"true\" focusable=\"false\" data-prefix=\"far\" data-icon=\"chart-bar\" role=\"img\" xmlns=\"http:\/\/www.w3.org\/2000\/svg\" viewBox=\"0 0 512 512\" class=\"svg-inline--fa fa-chart-bar fa-w-16 fa-2x\"><path fill=\"currentColor\" d=\"M396.8 352h22.4c6.4 0 12.8-6.4 12.8-12.8V108.8c0-6.4-6.4-12.8-12.8-12.8h-22.4c-6.4 0-12.8 6.4-12.8 12.8v230.4c0 6.4 6.4 12.8 12.8 12.8zm-192 0h22.4c6.4 0 12.8-6.4 12.8-12.8V140.8c0-6.4-6.4-12.8-12.8-12.8h-22.4c-6.4 0-12.8 6.4-12.8 12.8v198.4c0 6.4 6.4 12.8 12.8 12.8zm96 0h22.4c6.4 0 12.8-6.4 12.8-12.8V204.8c0-6.4-6.4-12.8-12.8-12.8h-22.4c-6.4 0-12.8 6.4-12.8 12.8v134.4c0 6.4 6.4 12.8 12.8 12.8zM496 400H48V80c0-8.84-7.16-16-16-16H16C7.16 64 0 71.16 0 80v336c0 17.67 14.33 32 32 32h464c8.84 0 16-7.16 16-16v-16c0-8.84-7.16-16-16-16zm-387.2-48h22.4c6.4 0 12.8-6.4 12.8-12.8v-70.4c0-6.4-6.4-12.8-12.8-12.8h-22.4c-6.4 0-12.8 6.4-12.8 12.8v70.4c0 6.4 6.4 12.8 12.8 12.8z\" class=\"\"><\/path><\/svg><\/i> <img src=\"https:\/\/ucanbalondunyasi.com\/wp-content\/plugins\/page-views-count\/ajax-loader.gif\" border=0 \/><\/p>\n<div class=\"pvc_clear\"><\/div>\n","protected":false},"excerpt":{"rendered":"<div class=\"pvc_clear\"><\/div>\n<p id=\"pvc_stats_1358\" class=\"pvc_stats all  \" data-element-id=\"1358\" style=\"\"><i class=\"pvc-stats-icon medium\" aria-hidden=\"true\"><svg aria-hidden=\"true\" focusable=\"false\" data-prefix=\"far\" data-icon=\"chart-bar\" role=\"img\" xmlns=\"http:\/\/www.w3.org\/2000\/svg\" viewBox=\"0 0 512 512\" class=\"svg-inline--fa fa-chart-bar fa-w-16 fa-2x\"><path fill=\"currentColor\" d=\"M396.8 352h22.4c6.4 0 12.8-6.4 12.8-12.8V108.8c0-6.4-6.4-12.8-12.8-12.8h-22.4c-6.4 0-12.8 6.4-12.8 12.8v230.4c0 6.4 6.4 12.8 12.8 12.8zm-192 0h22.4c6.4 0 12.8-6.4 12.8-12.8V140.8c0-6.4-6.4-12.8-12.8-12.8h-22.4c-6.4 0-12.8 6.4-12.8 12.8v198.4c0 6.4 6.4 12.8 12.8 12.8zm96 0h22.4c6.4 0 12.8-6.4 12.8-12.8V204.8c0-6.4-6.4-12.8-12.8-12.8h-22.4c-6.4 0-12.8 6.4-12.8 12.8v134.4c0 6.4 6.4 12.8 12.8 12.8zM496 400H48V80c0-8.84-7.16-16-16-16H16C7.16 64 0 71.16 0 80v336c0 17.67 14.33 32 32 32h464c8.84 0 16-7.16 16-16v-16c0-8.84-7.16-16-16-16zm-387.2-48h22.4c6.4 0 12.8-6.4 12.8-12.8v-70.4c0-6.4-6.4-12.8-12.8-12.8h-22.4c-6.4 0-12.8 6.4-12.8 12.8v70.4c0 6.4 6.4 12.8 12.8 12.8z\" class=\"\"><\/path><\/svg><\/i> <img src=\"https:\/\/ucanbalondunyasi.com\/wp-content\/plugins\/page-views-count\/ajax-loader.gif\" border=0 \/><\/p>\n<div class=\"pvc_clear\"><\/div>\n","protected":false},"author":1,"featured_media":0,"parent":0,"menu_order":0,"comment_status":"closed","ping_status":"closed","template":"","meta":[],"_links":{"self":[{"href":"https:\/\/ucanbalondunyasi.com\/index.php\/wp-json\/wp\/v2\/pages\/1358"}],"collection":[{"href":"https:\/\/ucanbalondunyasi.com\/index.php\/wp-json\/wp\/v2\/pages"}],"about":[{"href":"https:\/\/ucanbalondunyasi.com\/index.php\/wp-json\/wp\/v2\/types\/page"}],"author":[{"embeddable":true,"href":"https:\/\/ucanbalondunyasi.com\/index.php\/wp-json\/wp\/v2\/users\/1"}],"replies":[{"embeddable":true,"href":"https:\/\/ucanbalondunyasi.com\/index.php\/wp-json\/wp\/v2\/comments?post=1358"}],"version-history":[{"count":7,"href":"https:\/\/ucanbalondunyasi.com\/index.php\/wp-json\/wp\/v2\/pages\/1358\/revisions"}],"predecessor-version":[{"id":1987,"href":"https:\/\/ucanbalondunyasi.com\/index.php\/wp-json\/wp\/v2\/pages\/1358\/revisions\/1987"}],"wp:attachment":[{"href":"https:\/\/ucanbalondunyasi.com\/index.php\/wp-json\/wp\/v2\/media?parent=1358"}],"curies":[{"name":"wp","href":"https:\/\/api.w.org\/{rel}","templated":true}]}}